{"id":26,"date":"2013-08-08T13:49:31","date_gmt":"2013-08-08T13:49:31","guid":{"rendered":"http:\/\/www.gencozelotomotiv.com\/?page_id=26"},"modified":"2025-01-10T21:25:11","modified_gmt":"2025-01-10T21:25:11","slug":"iletisim","status":"publish","type":"page","link":"http:\/\/www.gencozelotomotiv.com\/","title":{"rendered":"\u0130LET\u0130\u015e\u0130M"},"content":{"rendered":"\n<figure class=\"wp-block-gallery has-nested-images columns-default is-cropped wp-block-gallery-1 is-layout-flex wp-block-gallery-is-layout-flex\">\n<figure class=\"wp-block-image size-large\"><a href=\"https:\/\/www.gencozelotomotiv.com\/wp-content\/uploads\/2013\/08\/Actros-Header.jpg\"><img loading=\"lazy\" decoding=\"async\" width=\"1000\" height=\"470\" data-id=\"47\" src=\"https:\/\/www.gencozelotomotiv.com\/wp-content\/uploads\/2013\/08\/Actros-Header.jpg\" alt=\"\" class=\"wp-image-47\" srcset=\"http:\/\/www.gencozelotomotiv.com\/wp-content\/uploads\/2013\/08\/Actros-Header.jpg 1000w, http:\/\/www.gencozelotomotiv.com\/wp-content\/uploads\/2013\/08\/Actros-Header-300x141.jpg 300w, http:\/\/www.gencozelotomotiv.com\/wp-content\/uploads\/2013\/08\/Actros-Header-768x361.jpg 768w\" sizes=\"auto, (max-width: 1000px) 100vw, 1000px\" \/><\/a><\/figure>\n\n\n\n<figure class=\"wp-block-image size-large\"><a href=\"https:\/\/www.gencozelotomotiv.com\/wp-content\/uploads\/2013\/08\/2121.jpg\"><img loading=\"lazy\" decoding=\"async\" width=\"743\" height=\"255\" data-id=\"46\" src=\"https:\/\/www.gencozelotomotiv.com\/wp-content\/uploads\/2013\/08\/2121.jpg\" alt=\"\" class=\"wp-image-46\" srcset=\"http:\/\/www.gencozelotomotiv.com\/wp-content\/uploads\/2013\/08\/2121.jpg 743w, http:\/\/www.gencozelotomotiv.com\/wp-content\/uploads\/2013\/08\/2121-300x103.jpg 300w\" sizes=\"auto, (max-width: 743px) 100vw, 743px\" \/><\/a><\/figure>\n\n\n\n<figure class=\"wp-block-image size-large\"><a href=\"https:\/\/www.gencozelotomotiv.com\/wp-content\/uploads\/2013\/08\/d\u00fcnden-bug\u00fcne-unimog.jpg\"><img loading=\"lazy\" decoding=\"async\" width=\"640\" height=\"206\" data-id=\"45\" src=\"https:\/\/www.gencozelotomotiv.com\/wp-content\/uploads\/2013\/08\/d\u00fcnden-bug\u00fcne-unimog.jpg\" alt=\"\" class=\"wp-image-45\" srcset=\"http:\/\/www.gencozelotomotiv.com\/wp-content\/uploads\/2013\/08\/d\u00fcnden-bug\u00fcne-unimog.jpg 640w, http:\/\/www.gencozelotomotiv.com\/wp-content\/uploads\/2013\/08\/d\u00fcnden-bug\u00fcne-unimog-300x97.jpg 300w\" sizes=\"auto, (max-width: 640px) 100vw, 640px\" \/><\/a><\/figure>\n\n\n\n<figure class=\"wp-block-image size-large\"><a href=\"https:\/\/www.gencozelotomotiv.com\/wp-content\/uploads\/2013\/08\/FAHRZEUGE_der-neue-antos_02-1230x740.jpg\"><img loading=\"lazy\" decoding=\"async\" width=\"1024\" height=\"616\" data-id=\"44\" src=\"https:\/\/www.gencozelotomotiv.com\/wp-content\/uploads\/2013\/08\/FAHRZEUGE_der-neue-antos_02-1230x740-1024x616.jpg\" alt=\"\" class=\"wp-image-44\" srcset=\"http:\/\/www.gencozelotomotiv.com\/wp-content\/uploads\/2013\/08\/FAHRZEUGE_der-neue-antos_02-1230x740-1024x616.jpg 1024w, http:\/\/www.gencozelotomotiv.com\/wp-content\/uploads\/2013\/08\/FAHRZEUGE_der-neue-antos_02-1230x740-300x180.jpg 300w, http:\/\/www.gencozelotomotiv.com\/wp-content\/uploads\/2013\/08\/FAHRZEUGE_der-neue-antos_02-1230x740-768x462.jpg 768w, http:\/\/www.gencozelotomotiv.com\/wp-content\/uploads\/2013\/08\/FAHRZEUGE_der-neue-antos_02-1230x740.jpg 1230w\" sizes=\"auto, (max-width: 1024px) 100vw, 1024px\" \/><\/a><\/figure>\n\n\n\n<figure class=\"wp-block-image size-large\"><a href=\"https:\/\/www.gencozelotomotiv.com\/wp-content\/uploads\/2013\/08\/mecedes-benz-kampanya-750x400.jpg\"><img loading=\"lazy\" decoding=\"async\" width=\"750\" height=\"400\" data-id=\"43\" src=\"https:\/\/www.gencozelotomotiv.com\/wp-content\/uploads\/2013\/08\/mecedes-benz-kampanya-750x400.jpg\" alt=\"\" class=\"wp-image-43\" srcset=\"http:\/\/www.gencozelotomotiv.com\/wp-content\/uploads\/2013\/08\/mecedes-benz-kampanya-750x400.jpg 750w, http:\/\/www.gencozelotomotiv.com\/wp-content\/uploads\/2013\/08\/mecedes-benz-kampanya-750x400-300x160.jpg 300w\" sizes=\"auto, (max-width: 750px) 100vw, 750px\" \/><\/a><\/figure>\n\n\n\n<figure class=\"wp-block-image size-large\"><a href=\"https:\/\/www.gencozelotomotiv.com\/wp-content\/uploads\/2013\/08\/vehicles-mercedes-benz-actros-semis-beguiling-wallpaper-95392-142979251310.jpg\"><img loading=\"lazy\" decoding=\"async\" width=\"1024\" height=\"522\" data-id=\"42\" src=\"https:\/\/www.gencozelotomotiv.com\/wp-content\/uploads\/2013\/08\/vehicles-mercedes-benz-actros-semis-beguiling-wallpaper-95392-142979251310-1024x522.jpg\" alt=\"\" class=\"wp-image-42\" srcset=\"http:\/\/www.gencozelotomotiv.com\/wp-content\/uploads\/2013\/08\/vehicles-mercedes-benz-actros-semis-beguiling-wallpaper-95392-142979251310-1024x522.jpg 1024w, http:\/\/www.gencozelotomotiv.com\/wp-content\/uploads\/2013\/08\/vehicles-mercedes-benz-actros-semis-beguiling-wallpaper-95392-142979251310-300x153.jpg 300w, http:\/\/www.gencozelotomotiv.com\/wp-content\/uploads\/2013\/08\/vehicles-mercedes-benz-actros-semis-beguiling-wallpaper-95392-142979251310-768x391.jpg 768w\" sizes=\"auto, (max-width: 1024px) 100vw, 1024px\" \/><\/a><\/figure>\n\n\n\n<figure class=\"wp-block-image size-large\"><a href=\"https:\/\/www.gencozelotomotiv.com\/wp-content\/uploads\/2013\/08\/Zetros-08-490x320.jpg\"><img loading=\"lazy\" decoding=\"async\" width=\"490\" height=\"320\" data-id=\"41\" src=\"https:\/\/www.gencozelotomotiv.com\/wp-content\/uploads\/2013\/08\/Zetros-08-490x320.jpg\" alt=\"\" class=\"wp-image-41\" srcset=\"http:\/\/www.gencozelotomotiv.com\/wp-content\/uploads\/2013\/08\/Zetros-08-490x320.jpg 490w, http:\/\/www.gencozelotomotiv.com\/wp-content\/uploads\/2013\/08\/Zetros-08-490x320-300x196.jpg 300w\" sizes=\"auto, (max-width: 490px) 100vw, 490px\" \/><\/a><\/figure>\n<\/figure>\n\n\n<p><strong>UZAY \u00c7A\u011eI CADDES\u0130 1157.SOK NO:10<\/strong><\/p>\n<p><strong>OST\u0130M \/ANKARA<\/strong><\/p>\n<p><strong>TEL : 0312 354 48 59<\/strong><\/p>\n<p><strong>FAKS: 0312 354 06 94<\/strong><\/p>\n<p>&nbsp;<\/p>\n<p>&nbsp;<\/p>","protected":false},"excerpt":{"rendered":"<p>UZAY \u00c7A\u011eI CADDES\u0130 1157.SOK NO:10 OST\u0130M \/ANKARA TEL : 0312 354 48 59 FAKS: 0312 354 06 94 &nbsp; &nbsp;<\/p>\n","protected":false},"author":1,"featured_media":0,"parent":0,"menu_order":0,"comment_status":"open","ping_status":"open","template":"","meta":{"footnotes":""},"class_list":["post-26","page","type-page","status-publish","hentry","post","no-featured-image"],"_links":{"self":[{"href":"http:\/\/www.gencozelotomotiv.com\/index.php?rest_route=\/wp\/v2\/pages\/26","targetHints":{"allow":["GET"]}}],"collection":[{"href":"http:\/\/www.gencozelotomotiv.com\/index.php?rest_route=\/wp\/v2\/pages"}],"about":[{"href":"http:\/\/www.gencozelotomotiv.com\/index.php?rest_route=\/wp\/v2\/types\/page"}],"author":[{"embeddable":true,"href":"http:\/\/www.gencozelotomotiv.com\/index.php?rest_route=\/wp\/v2\/users\/1"}],"replies":[{"embeddable":true,"href":"http:\/\/www.gencozelotomotiv.com\/index.php?rest_route=%2Fwp%2Fv2%2Fcomments&post=26"}],"version-history":[{"count":5,"href":"http:\/\/www.gencozelotomotiv.com\/index.php?rest_route=\/wp\/v2\/pages\/26\/revisions"}],"predecessor-version":[{"id":52,"href":"http:\/\/www.gencozelotomotiv.com\/index.php?rest_route=\/wp\/v2\/pages\/26\/revisions\/52"}],"wp:attachment":[{"href":"http:\/\/www.gencozelotomotiv.com\/index.php?rest_route=%2Fwp%2Fv2%2Fmedia&parent=26"}],"curies":[{"name":"wp","href":"https:\/\/api.w.org\/{rel}","templated":true}]}}